{"id":64,"date":"2023-08-26T14:23:09","date_gmt":"2023-08-26T12:23:09","guid":{"rendered":"https:\/\/exactgeomark.ee\/?page_id=64"},"modified":"2025-02-27T17:58:17","modified_gmt":"2025-02-27T15:58:17","slug":"meeskond","status":"publish","type":"page","link":"https:\/\/exactgeomark.ee\/eng\/meeskond\/","title":{"rendered":"Team"},"content":{"rendered":"<div data-elementor-type=\"wp-page\" data-elementor-id=\"64\" class=\"elementor elementor-64\">\n\t\t\t\t\t\t<section class=\"elementor-section elementor-top-section elementor-element elementor-element-120ad74 elementor-section-full_width elementor-section-height-default elementor-section-height-default\" data-id=\"120ad74\" data-element_type=\"section\" data-e-type=\"section\">\n\t\t\t\t\t\t<div class=\"elementor-container elementor-column-gap-default\">\n\t\t\t\t\t<div class=\"elementor-column elementor-col-100 elementor-top-column elementor-element elementor-element-8181934\" data-id=\"8181934\" data-element_type=\"column\" data-e-type=\"column\">\n\t\t\t<div class=\"elementor-widget-wrap elementor-element-populated\">\n\t\t\t\t\t\t<div class=\"elementor-element elementor-element-52e53bc elementor-widget__width-inherit elementor-widget elementor-widget-image\" data-id=\"52e53bc\" data-element_type=\"widget\" data-e-type=\"widget\" data-widget_type=\"image.default\">\n\t\t\t\t\t\t\t\t\t\t\t\t\t\t\t<img fetchpriority=\"high\" decoding=\"async\" width=\"1920\" height=\"668\" src=\"https:\/\/exactgeomark.ee\/wp-content\/uploads\/2023\/08\/Exact_Topography_01-e1693487918146.jpg\" class=\"attachment-2048x2048 size-2048x2048 wp-image-104\" alt=\"\" srcset=\"https:\/\/exactgeomark.ee\/wp-content\/uploads\/2023\/08\/Exact_Topography_01-e1693487918146.jpg 1920w, https:\/\/exactgeomark.ee\/wp-content\/uploads\/2023\/08\/Exact_Topography_01-e1693487918146-300x104.jpg 300w, https:\/\/exactgeomark.ee\/wp-content\/uploads\/2023\/08\/Exact_Topography_01-e1693487918146-1024x356.jpg 1024w, https:\/\/exactgeomark.ee\/wp-content\/uploads\/2023\/08\/Exact_Topography_01-e1693487918146-768x267.jpg 768w, https:\/\/exactgeomark.ee\/wp-content\/uploads\/2023\/08\/Exact_Topography_01-e1693487918146-1536x534.jpg 1536w\" sizes=\"(max-width: 1920px) 100vw, 1920px\" \/>\t\t\t\t\t\t\t\t\t\t\t\t\t\t\t<\/div>\n\t\t\t\t\t<\/div>\n\t\t<\/div>\n\t\t\t\t\t<\/div>\n\t\t<\/section>\n\t\t\t\t<section class=\"elementor-section elementor-top-section elementor-element elementor-element-1a88ee0 elementor-section-boxed elementor-section-height-default elementor-section-height-default\" data-id=\"1a88ee0\" data-element_type=\"section\" data-e-type=\"section\">\n\t\t\t\t\t\t<div class=\"elementor-container elementor-column-gap-default\">\n\t\t\t\t\t<div class=\"elementor-column elementor-col-100 elementor-top-column elementor-element elementor-element-9b705a5\" data-id=\"9b705a5\" data-element_type=\"column\" data-e-type=\"column\">\n\t\t\t<div class=\"elementor-widget-wrap elementor-element-populated\">\n\t\t\t\t\t\t<div class=\"elementor-element elementor-element-5b787b9 elementor-widget elementor-widget-heading\" data-id=\"5b787b9\" data-element_type=\"widget\" data-e-type=\"widget\" data-widget_type=\"heading.default\">\n\t\t\t\t\t<h2 class=\"elementor-heading-title elementor-size-default\">TEAM<\/h2>\t\t\t\t<\/div>\n\t\t\t\t\t<\/div>\n\t\t<\/div>\n\t\t\t\t\t<\/div>\n\t\t<\/section>\n\t\t\t\t<section class=\"elementor-section elementor-top-section elementor-element elementor-element-e4749f6 elementor-section-boxed elementor-section-height-default elementor-section-height-default\" data-id=\"e4749f6\" data-element_type=\"section\" data-e-type=\"section\">\n\t\t\t\t\t\t<div class=\"elementor-container elementor-column-gap-default\">\n\t\t\t\t\t<div class=\"elementor-column elementor-col-100 elementor-top-column elementor-element elementor-element-57975dd\" data-id=\"57975dd\" data-element_type=\"column\" data-e-type=\"column\">\n\t\t\t<div class=\"elementor-widget-wrap elementor-element-populated\">\n\t\t\t\t\t\t<div class=\"elementor-element elementor-element-6989dde elementor-widget-divider--separator-type-pattern elementor-widget-divider--view-line elementor-widget elementor-widget-divider\" data-id=\"6989dde\" data-element_type=\"widget\" data-e-type=\"widget\" data-widget_type=\"divider.default\">\n\t\t\t\t\t\t\t<div class=\"elementor-divider\" style=\"--divider-pattern-url: url(&quot;data:image\/svg+xml,%3Csvg xmlns=&#039;http:\/\/www.w3.org\/2000\/svg&#039; preserveAspectRatio=&#039;none&#039; overflow=&#039;visible&#039; height=&#039;100%&#039; viewBox=&#039;0 0 20 16&#039; fill=&#039;none&#039; stroke=&#039;black&#039; stroke-width=&#039;1&#039; stroke-linecap=&#039;square&#039; stroke-miterlimit=&#039;10&#039;%3E%3Cg transform=&#039;translate(-12.000000, 0)&#039;%3E%3Cpath d=&#039;M28,0L10,18&#039;\/%3E%3Cpath d=&#039;M18,0L0,18&#039;\/%3E%3Cpath d=&#039;M48,0L30,18&#039;\/%3E%3Cpath d=&#039;M38,0L20,18&#039;\/%3E%3C\/g%3E%3C\/svg%3E&quot;);\">\n\t\t\t<span class=\"elementor-divider-separator\">\n\t\t\t\t\t\t<\/span>\n\t\t<\/div>\n\t\t\t\t\t\t<\/div>\n\t\t\t\t\t<\/div>\n\t\t<\/div>\n\t\t\t\t\t<\/div>\n\t\t<\/section>\n\t\t\t\t<section class=\"elementor-section elementor-top-section elementor-element elementor-element-c12faee elementor-section-boxed elementor-section-height-default elementor-section-height-default\" data-id=\"c12faee\" data-element_type=\"section\" data-e-type=\"section\">\n\t\t\t\t\t\t<div class=\"elementor-container elementor-column-gap-default\">\n\t\t\t\t\t<div class=\"elementor-column elementor-col-33 elementor-top-column elementor-element elementor-element-f59afc7\" data-id=\"f59afc7\" data-element_type=\"column\" data-e-type=\"column\">\n\t\t\t<div class=\"elementor-widget-wrap elementor-element-populated\">\n\t\t\t\t\t\t<section class=\"elementor-section elementor-inner-section elementor-element elementor-element-9e285c4 elementor-section-boxed elementor-section-height-default elementor-section-height-default\" data-id=\"9e285c4\" data-element_type=\"section\" data-e-type=\"section\">\n\t\t\t\t\t\t<div class=\"elementor-container elementor-column-gap-default\">\n\t\t\t\t\t<div class=\"elementor-column elementor-col-50 elementor-inner-column elementor-element elementor-element-4bc80fe\" data-id=\"4bc80fe\" data-element_type=\"column\" data-e-type=\"column\">\n\t\t\t<div class=\"elementor-widget-wrap elementor-element-populated\">\n\t\t\t\t\t\t<div class=\"elementor-element elementor-element-c5bb478 elementor-widget__width-inherit elementor-widget elementor-widget-image\" data-id=\"c5bb478\" data-element_type=\"widget\" data-e-type=\"widget\" data-widget_type=\"image.default\">\n\t\t\t\t\t\t\t\t\t\t\t\t\t\t\t<img decoding=\"async\" width=\"819\" height=\"1024\" src=\"https:\/\/exactgeomark.ee\/wp-content\/uploads\/2025\/02\/Margus_mv-819x1024.jpg\" class=\"attachment-large size-large wp-image-860\" alt=\"\" srcset=\"https:\/\/exactgeomark.ee\/wp-content\/uploads\/2025\/02\/Margus_mv-819x1024.jpg 819w, https:\/\/exactgeomark.ee\/wp-content\/uploads\/2025\/02\/Margus_mv-240x300.jpg 240w, https:\/\/exactgeomark.ee\/wp-content\/uploads\/2025\/02\/Margus_mv-768x960.jpg 768w, https:\/\/exactgeomark.ee\/wp-content\/uploads\/2025\/02\/Margus_mv-1229x1536.jpg 1229w, https:\/\/exactgeomark.ee\/wp-content\/uploads\/2025\/02\/Margus_mv-10x12.jpg 10w, https:\/\/exactgeomark.ee\/wp-content\/uploads\/2025\/02\/Margus_mv.jpg 1424w\" sizes=\"(max-width: 819px) 100vw, 819px\" \/>\t\t\t\t\t\t\t\t\t\t\t\t\t\t\t<\/div>\n\t\t\t\t\t<\/div>\n\t\t<\/div>\n\t\t\t\t<div class=\"elementor-column elementor-col-50 elementor-inner-column elementor-element elementor-element-87727ba\" data-id=\"87727ba\" data-element_type=\"column\" data-e-type=\"column\">\n\t\t\t<div class=\"elementor-widget-wrap elementor-element-populated\">\n\t\t\t\t\t\t<div class=\"elementor-element elementor-element-7274766 elementor-widget__width-auto elementor-widget elementor-widget-text-editor\" data-id=\"7274766\" data-element_type=\"widget\" data-e-type=\"widget\" data-widget_type=\"text-editor.default\">\n\t\t\t\t\t\t\t\t\t<h5 style=\"text-align: center;\"><strong>Margus Vinkel<\/strong><\/h5><p style=\"text-align: center;\">CEO \/ Partner<\/p><p style=\"text-align: center;\">+372 511 6616<\/p><p style=\"text-align: center;\"><a href=\"mailto:margus.vinkel@teamexact.com\">margus.vinkel@teamexact.com<\/a><\/p>\t\t\t\t\t\t\t\t<\/div>\n\t\t\t\t\t<\/div>\n\t\t<\/div>\n\t\t\t\t\t<\/div>\n\t\t<\/section>\n\t\t\t\t\t<\/div>\n\t\t<\/div>\n\t\t\t\t<div class=\"elementor-column elementor-col-33 elementor-top-column elementor-element elementor-element-74291e7\" data-id=\"74291e7\" data-element_type=\"column\" data-e-type=\"column\">\n\t\t\t<div class=\"elementor-widget-wrap elementor-element-populated\">\n\t\t\t\t\t\t<section class=\"elementor-section elementor-inner-section elementor-element elementor-element-80914c5 elementor-section-boxed elementor-section-height-default elementor-section-height-default\" data-id=\"80914c5\" data-element_type=\"section\" data-e-type=\"section\">\n\t\t\t\t\t\t<div class=\"elementor-container elementor-column-gap-default\">\n\t\t\t\t\t<div class=\"elementor-column elementor-col-50 elementor-inner-column elementor-element elementor-element-5dd6d4e\" data-id=\"5dd6d4e\" data-element_type=\"column\" data-e-type=\"column\">\n\t\t\t<div class=\"elementor-widget-wrap elementor-element-populated\">\n\t\t\t\t\t\t<div class=\"elementor-element elementor-element-4f8d299 elementor-widget__width-initial elementor-widget elementor-widget-image\" data-id=\"4f8d299\" data-element_type=\"widget\" data-e-type=\"widget\" data-widget_type=\"image.default\">\n\t\t\t\t\t\t\t\t\t\t\t\t\t\t\t<img decoding=\"async\" width=\"819\" height=\"1024\" src=\"https:\/\/exactgeomark.ee\/wp-content\/uploads\/2025\/02\/Siim_mv-819x1024.jpg\" class=\"attachment-large size-large wp-image-861\" alt=\"\" srcset=\"https:\/\/exactgeomark.ee\/wp-content\/uploads\/2025\/02\/Siim_mv-819x1024.jpg 819w, https:\/\/exactgeomark.ee\/wp-content\/uploads\/2025\/02\/Siim_mv-240x300.jpg 240w, https:\/\/exactgeomark.ee\/wp-content\/uploads\/2025\/02\/Siim_mv-768x960.jpg 768w, https:\/\/exactgeomark.ee\/wp-content\/uploads\/2025\/02\/Siim_mv-10x12.jpg 10w, https:\/\/exactgeomark.ee\/wp-content\/uploads\/2025\/02\/Siim_mv.jpg 959w\" sizes=\"(max-width: 819px) 100vw, 819px\" \/>\t\t\t\t\t\t\t\t\t\t\t\t\t\t\t<\/div>\n\t\t\t\t\t<\/div>\n\t\t<\/div>\n\t\t\t\t<div class=\"elementor-column elementor-col-50 elementor-inner-column elementor-element elementor-element-11641d1\" data-id=\"11641d1\" data-element_type=\"column\" data-e-type=\"column\">\n\t\t\t<div class=\"elementor-widget-wrap elementor-element-populated\">\n\t\t\t\t\t\t<div class=\"elementor-element elementor-element-0fc293b elementor-widget elementor-widget-text-editor\" data-id=\"0fc293b\" data-element_type=\"widget\" data-e-type=\"widget\" data-widget_type=\"text-editor.default\">\n\t\t\t\t\t\t\t\t\t<h5 style=\"font-style: normal; text-align: center;\"><span style=\"color: var(--ast-global-color-2); font-size: 1.25rem; letter-spacing: 0px; background-color: var(--ast-global-color-5);\">Siim M\u00e4eots<\/span><\/h5><p style=\"text-align: center;\">Scan2BIM \u00e4<span style=\"font-style: inherit; font-weight: inherit; letter-spacing: 0px; background-color: var(--ast-global-color-5); color: var(--ast-global-color-3);\">risuuna juht<\/span><\/p><p style=\"text-align: center;\">+372 5344 4037<\/p><p style=\"text-align: center;\"><a href=\"mailto:siim.maeots@teamexact.com\">siim.maeots@teamexact.com<\/a><\/p>\t\t\t\t\t\t\t\t<\/div>\n\t\t\t\t\t<\/div>\n\t\t<\/div>\n\t\t\t\t\t<\/div>\n\t\t<\/section>\n\t\t\t\t<section class=\"elementor-section elementor-inner-section elementor-element elementor-element-af4168a elementor-section-boxed elementor-section-height-default elementor-section-height-default\" data-id=\"af4168a\" data-element_type=\"section\" data-e-type=\"section\">\n\t\t\t\t\t\t<div class=\"elementor-container elementor-column-gap-default\">\n\t\t\t\t\t<div class=\"elementor-column elementor-col-50 elementor-inner-column elementor-element elementor-element-afeb989\" data-id=\"afeb989\" data-element_type=\"column\" data-e-type=\"column\">\n\t\t\t<div class=\"elementor-widget-wrap elementor-element-populated\">\n\t\t\t\t\t\t<div class=\"elementor-element elementor-element-129b028 elementor-widget__width-inherit elementor-widget elementor-widget-image\" data-id=\"129b028\" data-element_type=\"widget\" data-e-type=\"widget\" data-widget_type=\"image.default\">\n\t\t\t\t\t\t\t\t\t\t\t\t\t\t\t<img loading=\"lazy\" decoding=\"async\" width=\"819\" height=\"1024\" src=\"https:\/\/exactgeomark.ee\/wp-content\/uploads\/2025\/02\/Erkki_mv-819x1024.jpg\" class=\"attachment-large size-large wp-image-862\" alt=\"\" srcset=\"https:\/\/exactgeomark.ee\/wp-content\/uploads\/2025\/02\/Erkki_mv-819x1024.jpg 819w, https:\/\/exactgeomark.ee\/wp-content\/uploads\/2025\/02\/Erkki_mv-240x300.jpg 240w, https:\/\/exactgeomark.ee\/wp-content\/uploads\/2025\/02\/Erkki_mv-768x960.jpg 768w, https:\/\/exactgeomark.ee\/wp-content\/uploads\/2025\/02\/Erkki_mv-1229x1536.jpg 1229w, https:\/\/exactgeomark.ee\/wp-content\/uploads\/2025\/02\/Erkki_mv-1639x2048.jpg 1639w, https:\/\/exactgeomark.ee\/wp-content\/uploads\/2025\/02\/Erkki_mv-10x12.jpg 10w, https:\/\/exactgeomark.ee\/wp-content\/uploads\/2025\/02\/Erkki_mv.jpg 1879w\" sizes=\"(max-width: 819px) 100vw, 819px\" \/>\t\t\t\t\t\t\t\t\t\t\t\t\t\t\t<\/div>\n\t\t\t\t\t<\/div>\n\t\t<\/div>\n\t\t\t\t<div class=\"elementor-column elementor-col-50 elementor-inner-column elementor-element elementor-element-fd50cc7\" data-id=\"fd50cc7\" data-element_type=\"column\" data-e-type=\"column\">\n\t\t\t<div class=\"elementor-widget-wrap elementor-element-populated\">\n\t\t\t\t\t\t<div class=\"elementor-element elementor-element-59cb179 elementor-widget elementor-widget-text-editor\" data-id=\"59cb179\" data-element_type=\"widget\" data-e-type=\"widget\" data-widget_type=\"text-editor.default\">\n\t\t\t\t\t\t\t\t\t<h5 style=\"text-align: center;\"><strong>Erkki M\u00e4ekivi<\/strong><\/h5><p style=\"text-align: center;\">Quality Manager<\/p><p style=\"text-align: center;\">+372 504 2376<\/p><p style=\"text-align: center;\"><a href=\"mailto:erkki.maekivi@teamexact.com\">erkki.maekivi@teamexact.com<\/a><\/p>\t\t\t\t\t\t\t\t<\/div>\n\t\t\t\t\t<\/div>\n\t\t<\/div>\n\t\t\t\t\t<\/div>\n\t\t<\/section>\n\t\t\t\t\t<\/div>\n\t\t<\/div>\n\t\t\t\t<div class=\"elementor-column elementor-col-33 elementor-top-column elementor-element elementor-element-9f4cc4a\" data-id=\"9f4cc4a\" data-element_type=\"column\" data-e-type=\"column\">\n\t\t\t<div class=\"elementor-widget-wrap elementor-element-populated\">\n\t\t\t\t\t\t<section class=\"elementor-section elementor-inner-section elementor-element elementor-element-b678a39 elementor-section-boxed elementor-section-height-default elementor-section-height-default\" data-id=\"b678a39\" data-element_type=\"section\" data-e-type=\"section\">\n\t\t\t\t\t\t<div class=\"elementor-container elementor-column-gap-default\">\n\t\t\t\t\t<div class=\"elementor-column elementor-col-50 elementor-inner-column elementor-element elementor-element-c9bf4a6\" data-id=\"c9bf4a6\" data-element_type=\"column\" data-e-type=\"column\">\n\t\t\t<div class=\"elementor-widget-wrap elementor-element-populated\">\n\t\t\t\t\t\t<div class=\"elementor-element elementor-element-548be85 elementor-widget__width-inherit elementor-widget elementor-widget-image\" data-id=\"548be85\" data-element_type=\"widget\" data-e-type=\"widget\" data-widget_type=\"image.default\">\n\t\t\t\t\t\t\t\t\t\t\t\t\t\t\t<img loading=\"lazy\" decoding=\"async\" width=\"797\" height=\"996\" src=\"https:\/\/exactgeomark.ee\/wp-content\/uploads\/2025\/02\/Kaidi_mv.jpg\" class=\"attachment-large size-large wp-image-871\" alt=\"\" srcset=\"https:\/\/exactgeomark.ee\/wp-content\/uploads\/2025\/02\/Kaidi_mv.jpg 797w, https:\/\/exactgeomark.ee\/wp-content\/uploads\/2025\/02\/Kaidi_mv-240x300.jpg 240w, https:\/\/exactgeomark.ee\/wp-content\/uploads\/2025\/02\/Kaidi_mv-768x960.jpg 768w, https:\/\/exactgeomark.ee\/wp-content\/uploads\/2025\/02\/Kaidi_mv-10x12.jpg 10w\" sizes=\"(max-width: 797px) 100vw, 797px\" \/>\t\t\t\t\t\t\t\t\t\t\t\t\t\t\t<\/div>\n\t\t\t\t\t<\/div>\n\t\t<\/div>\n\t\t\t\t<div class=\"elementor-column elementor-col-50 elementor-inner-column elementor-element elementor-element-e4beb2f\" data-id=\"e4beb2f\" data-element_type=\"column\" data-e-type=\"column\">\n\t\t\t<div class=\"elementor-widget-wrap elementor-element-populated\">\n\t\t\t\t\t\t<div class=\"elementor-element elementor-element-00c0156 elementor-widget elementor-widget-text-editor\" data-id=\"00c0156\" data-element_type=\"widget\" data-e-type=\"widget\" data-widget_type=\"text-editor.default\">\n\t\t\t\t\t\t\t\t\t<h5 style=\"text-align: center;\"><strong>Kaidi Kaljum\u00e4e<\/strong><\/h5><p style=\"text-align: center;\">Office Manager<\/p><p style=\"text-align: center;\">+372 5388 5412<\/p><p style=\"text-align: center;\"><a href=\"mailto:kaidi.kaljumae@teamexact.com\">kaidi.kaljumae@teamexact.com<\/a><\/p>\t\t\t\t\t\t\t\t<\/div>\n\t\t\t\t\t<\/div>\n\t\t<\/div>\n\t\t\t\t\t<\/div>\n\t\t<\/section>\n\t\t\t\t\t<\/div>\n\t\t<\/div>\n\t\t\t\t\t<\/div>\n\t\t<\/section>\n\t\t\t\t<\/div>","protected":false},"excerpt":{"rendered":"<p>MEESKOND Margus Vinkel Tegevjuht \/ Partner +372 511 6616 margus.vinkel@teamexact.com Siim M\u00e4eots Scan2BIM \u00e4risuuna juht +372 5344 4037 siim.maeots@teamexact.com Erkki M\u00e4ekivi Kvaliteedijuht +372 504 2376 erkki.maekivi@teamexact.com Kaidi Kaljum\u00e4e B\u00fcroojuht +372 5388 5412 kaidi.kaljumae@teamexact.com<\/p>","protected":false},"author":1,"featured_media":0,"parent":0,"menu_order":0,"comment_status":"closed","ping_status":"closed","template":"","meta":{"site-sidebar-layout":"no-sidebar","site-content-layout":"","ast-site-content-layout":"full-width-container","site-content-style":"default","site-sidebar-style":"default","ast-global-header-display":"","ast-banner-title-visibility":"","ast-main-header-display":"","ast-hfb-above-header-display":"","ast-hfb-below-header-display":"","ast-hfb-mobile-header-display":"","site-post-title":"disabled","ast-breadcrumbs-content":"","ast-featured-img":"disabled","footer-sml-layout":"","ast-disable-related-posts":"","theme-transparent-header-meta":"","adv-header-id-meta":"","stick-header-meta":"","header-above-stick-meta":"","header-main-stick-meta":"","header-below-stick-meta":"","astra-migrate-meta-layouts":"default","ast-page-background-enabled":"default","ast-page-background-meta":{"desktop":{"background-color":"var(--ast-global-color-4)","background-image":"","background-repeat":"repeat","background-position":"center center","background-size":"auto","background-attachment":"scroll","background-type":"","background-media":"","overlay-type":"","overlay-color":"","overlay-opacity":"","overlay-gradient":""},"tablet":{"background-color":"","background-image":"","background-repeat":"repeat","background-position":"center center","background-size":"auto","background-attachment":"scroll","background-type":"","background-media":"","overlay-type":"","overlay-color":"","overlay-opacity":"","overlay-gradient":""},"mobile":{"background-color":"","background-image":"","background-repeat":"repeat","background-position":"center center","background-size":"auto","background-attachment":"scroll","background-type":"","background-media":"","overlay-type":"","overlay-color":"","overlay-opacity":"","overlay-gradient":""}},"ast-content-background-meta":{"desktop":{"background-color":"var(--ast-global-color-5)","background-image":"","background-repeat":"repeat","background-position":"center center","background-size":"auto","background-attachment":"scroll","background-type":"","background-media":"","overlay-type":"","overlay-color":"","overlay-opacity":"","overlay-gradient":""},"tablet":{"background-color":"var(--ast-global-color-5)","background-image":"","background-repeat":"repeat","background-position":"center center","background-size":"auto","background-attachment":"scroll","background-type":"","background-media":"","overlay-type":"","overlay-color":"","overlay-opacity":"","overlay-gradient":""},"mobile":{"background-color":"var(--ast-global-color-5)","background-image":"","background-repeat":"repeat","background-position":"center center","background-size":"auto","background-attachment":"scroll","background-type":"","background-media":"","overlay-type":"","overlay-color":"","overlay-opacity":"","overlay-gradient":""}},"footnotes":""},"class_list":["post-64","page","type-page","status-publish","hentry"],"_links":{"self":[{"href":"https:\/\/exactgeomark.ee\/eng\/wp-json\/wp\/v2\/pages\/64","targetHints":{"allow":["GET"]}}],"collection":[{"href":"https:\/\/exactgeomark.ee\/eng\/wp-json\/wp\/v2\/pages"}],"about":[{"href":"https:\/\/exactgeomark.ee\/eng\/wp-json\/wp\/v2\/types\/page"}],"author":[{"embeddable":true,"href":"https:\/\/exactgeomark.ee\/eng\/wp-json\/wp\/v2\/users\/1"}],"replies":[{"embeddable":true,"href":"https:\/\/exactgeomark.ee\/eng\/wp-json\/wp\/v2\/comments?post=64"}],"version-history":[{"count":82,"href":"https:\/\/exactgeomark.ee\/eng\/wp-json\/wp\/v2\/pages\/64\/revisions"}],"predecessor-version":[{"id":874,"href":"https:\/\/exactgeomark.ee\/eng\/wp-json\/wp\/v2\/pages\/64\/revisions\/874"}],"wp:attachment":[{"href":"https:\/\/exactgeomark.ee\/eng\/wp-json\/wp\/v2\/media?parent=64"}],"curies":[{"name":"wp","href":"https:\/\/api.w.org\/{rel}","templated":true}]}}